{"id":16551,"date":"2015-11-24T17:17:43","date_gmt":"2015-11-24T17:17:43","guid":{"rendered":"http:\/\/drawnsolutions.com\/websites\/cemaco\/?page_id=16551"},"modified":"2022-04-06T18:28:08","modified_gmt":"2022-04-06T22:28:08","slug":"contact-us","status":"publish","type":"page","link":"http:\/\/www.cemanco.com\/esp\/contact-us\/","title":{"rendered":"Cont\u00e1ctanos"},"content":{"rendered":"<p style=\"text-align: justify;\"><div class=\"vc_row wpb_row td-pb-row\"><div class=\"wpb_column vc_column_container td-pb-span12\"><div class=\"wpb_wrapper\">\n\t<div class=\"wpb_text_column wpb_content_element \">\n\t\t<div class=\"wpb_wrapper\">\n\t\t\t<h1>Cont\u00e1ctanos<\/h1>\n<p style=\"text-align: justify;\">Cemanco LC.\u00a0Con sede en Pompano Beach, Florida, EE. UU., desarrolla, fabrica y suministra a clientes de todo el mundo soluciones y productos para las industrias de alambre, cable, textil y automotriz.\u00a0Hace casi dos d\u00e9cadas, cuando se fund\u00f3 Cemanco, su corriente principal era importar productos alemanes a los Estados Unidos.\u00a0La red de socios y fabricantes internacionales de Cemanco en todo el mundo nos permite producir uno o miles de productos para nuestros clientes bajo demanda.\u00a0Hemos asegurado la participaci\u00f3n de destacados desarrolladores tecnol\u00f3gicos de todo el mundo en beneficio de nuestros clientes.\u00a0Nuestro principal objetivo aqu\u00ed en Cemanco no es buscar ganancias r\u00e1pidas sino el cultivo exitoso de una relaci\u00f3n comercial continua y sostenible.\u00a0Ll\u00e1menos o env\u00edenos un correo electr\u00f3nico y cu\u00e9ntenos sus ideas y visiones: podemos ayudarlo a resolver sus problemas y lograr sus objetivos.\u00a0Tu \u00e9xito es nuestra meta.\u00a0Puede confiar en Cemanco para sus necesidades de fabricaci\u00f3n como un socio comercial confiable<\/p>\n<p style=\"text-align: justify;\">\n\n\t\t<\/div>\n\t<\/div>\n<div class=\"vc_empty_space\"  style=\"height: 0px\" ><span\n\t\tclass=\"vc_empty_space_inner\"><\/span><\/div>\n<\/div><\/div><\/div><div class=\"vc_row wpb_row td-pb-row\"><div class=\"wpb_column vc_column_container td-pb-span12\"><div class=\"wpb_wrapper\"><div class=\"vc_row wpb_row vc_inner td-pb-row\"><div class=\"wpb_column vc_column_container td-pb-span8\"><div class=\"wpb_wrapper\">\n<p style=\"text-align: justify;\">\n\t<div class=\"wpb_raw_code wpb_content_element wpb_raw_html\">\n\t\t<div class=\"wpb_wrapper\">\n\t\t\t<h4 class=\"block-title\"><span>Send us a message!<\/span><\/h4>\n\t\t<\/div>\n\t<\/div>\n\n\t<div class=\"wpb_text_column wpb_content_element \">\n\t\t<div class=\"wpb_wrapper\">\n\t\t\t<div role=\"form\" class=\"wpcf7\" id=\"wpcf7-f16784-o1\" lang=\"en-US\" dir=\"ltr\">\n<div class=\"screen-reader-response\"><p role=\"status\" aria-live=\"polite\" aria-atomic=\"true\"><\/p> <ul><\/ul><\/div>\n<form action=\"\/esp\/wp-json\/wp\/v2\/pages\/16551#wpcf7-f16784-o1\" method=\"post\" class=\"wpcf7-form init\" novalidate=\"novalidate\" data-status=\"init\">\n<div style=\"display: none;\">\n<input type=\"hidden\" name=\"_wpcf7\" value=\"16784\" \/>\n<input type=\"hidden\" name=\"_wpcf7_version\" value=\"5.3.2\" \/>\n<input type=\"hidden\" name=\"_wpcf7_locale\" value=\"en_US\" \/>\n<input type=\"hidden\" name=\"_wpcf7_unit_tag\" value=\"wpcf7-f16784-o1\" \/>\n<input type=\"hidden\" name=\"_wpcf7_container_post\" value=\"0\" \/>\n<input type=\"hidden\" name=\"_wpcf7_posted_data_hash\" value=\"\" \/>\n<\/div>\n<p>Tu nombre (requierido)<br \/>\n    <span class=\"wpcf7-form-control-wrap your-name\"><input type=\"text\" name=\"your-name\" value=\"\" size=\"40\" class=\"wpcf7-form-control wpcf7-text wpcf7-validates-as-required\" aria-required=\"true\" aria-invalid=\"false\" \/><\/span> <\/p>\n<p> N\u00famero telef\u00f3nico y extensi\u00f3n <br \/>\n    <span class=\"wpcf7-form-control-wrap tel-439\"><input type=\"tel\" name=\"tel-439\" value=\"\" size=\"40\" class=\"wpcf7-form-control wpcf7-text wpcf7-tel wpcf7-validates-as-tel\" aria-invalid=\"false\" \/><\/span><\/p>\n<p>Tu Email (requerido)<br \/>\n    <span class=\"wpcf7-form-control-wrap your-email\"><input type=\"email\" name=\"your-email\" value=\"\" size=\"40\" class=\"wpcf7-form-control wpcf7-text wpcf7-email wpcf7-validates-as-required wpcf7-validates-as-email\" aria-required=\"true\" aria-invalid=\"false\" \/><\/span> <\/p>\n<p>Asunto \/ tema a tratar<br \/>\n    <span class=\"wpcf7-form-control-wrap your-subject\"><input type=\"text\" name=\"your-subject\" value=\"\" size=\"40\" class=\"wpcf7-form-control wpcf7-text\" aria-invalid=\"false\" \/><\/span> <\/p>\n<p>Tu Mensaje<br \/>\n    <span class=\"wpcf7-form-control-wrap your-message\"><textarea name=\"your-message\" cols=\"40\" rows=\"10\" class=\"wpcf7-form-control wpcf7-textarea\" aria-invalid=\"false\"><\/textarea><\/span> <\/p>\n<p><input type=\"submit\" value=\"Enviar\" class=\"wpcf7-form-control wpcf7-submit\" \/><\/p>\n<div class=\"wpcf7-response-output\" aria-hidden=\"true\"><\/div><\/form><\/div>\n\n\t\t<\/div>\n\t<\/div>\n<\/div><\/div><div class=\"wpb_column vc_column_container td-pb-span4\"><div class=\"wpb_wrapper\"><div class=\"td_block_wrap td_block_text_with_title td_uid_1_69ed124ee699a_rand td-pb-border-top\"  data-td-block-uid=\"td_uid_1_69ed124ee699a\" ><h4 class=\"block-title\"><span>Detalles del contacto<\/span><\/h4><div class=\"td_mod_wrap\">\n<p style=\"text-align: justify;\"><iframe loading=\"lazy\" style=\"border: 0px currentColor;\" src=\"https:\/\/www.google.com\/maps\/embed?pb=!1m18!1m12!1m3!1d3578.6565563328336!2d-80.16786448470619!3d26.240346695026588!2m3!1f0!2f0!3f0!3m2!1i1024!2i768!4f13.1!3m3!1m2!1s0x88d9036cafcc2eed%3A0x96c2ba42b005d5!2sCemanco!5e0!3m2!1sen!2sbr!4v1449589887544\" width=\"300\" height=\"200\" frameborder=\"0\" allowfullscreen=\"allowfullscreen\"><\/iframe><\/p>\n<h6 style=\"color: #fff;\">CEMANCO LC<\/h6>\n<h6>951 NW 31st Avenue<\/h6>\n<h6>Pompano Beach, FL 33069<br \/>\n<b><\/b><\/h6>\n<p><strong>Horario de atenci\u00f3n: <\/strong>Lunes a Viernes de 9 a.m. a 5 p.m.<\/p>\n<p><b>Telefono:<\/b> 954 &#8211; 970 \u2013 3099<\/p>\n<p><b>Fax:<\/b> 954 &#8211; 970 \u2013 3056<\/p>\n<p><b>E-mail:<\/b> <a href=\"mailto:sales@cemanco.com\">sales@cemanco.com<\/a><\/p>\n<p><strong>M\u00f3vil: <\/strong>\u00a0954 &#8211; 729 &#8211; 9126<\/p>\n<\/div><\/div><\/div><\/div><\/div><\/div><\/div><\/div><div class=\"vc_row wpb_row td-pb-row\"><div class=\"wpb_column vc_column_container td-pb-span12\"><div class=\"wpb_wrapper\"><div class=\"td_block_wrap td_block_15 td_uid_2_69ed124ee7063_rand td-pb-border-top\"  data-td-block-uid=\"td_uid_2_69ed124ee7063\" ><script>var block_td_uid_2_69ed124ee7063 = new tdBlock();\nblock_td_uid_2_69ed124ee7063.id = \"td_uid_2_69ed124ee7063\";\nblock_td_uid_2_69ed124ee7063.atts = '{\"limit\":5,\"sort\":\"\",\"post_ids\":\"\",\"tag_slug\":\"\",\"autors_id\":\"\",\"installed_post_types\":\"\",\"category_id\":\"\",\"category_ids\":\"\",\"custom_title\":\"Nuestros Productos\",\"custom_url\":\"\",\"show_child_cat\":\"\",\"sub_cat_ajax\":\"\",\"ajax_pagination\":\"\",\"header_color\":\"\",\"header_text_color\":\"\",\"ajax_pagination_infinite_stop\":\"\",\"td_column_number\":3,\"td_ajax_preloading\":\"\",\"td_ajax_filter_type\":\"td_category_ids_filter\",\"td_ajax_filter_ids\":\"27,22,24,23,25\",\"td_filter_default_txt\":\"Todo\",\"color_preset\":\"\",\"border_top\":\"\",\"class\":\"td_uid_2_69ed124ee7063_rand\",\"offset\":\"\",\"css\":\"\",\"live_filter\":\"\",\"live_filter_cur_post_id\":\"\",\"live_filter_cur_post_author\":\"\"}';\nblock_td_uid_2_69ed124ee7063.td_column_number = \"3\";\nblock_td_uid_2_69ed124ee7063.block_type = \"td_block_15\";\nblock_td_uid_2_69ed124ee7063.post_count = \"5\";\nblock_td_uid_2_69ed124ee7063.found_posts = \"90\";\nblock_td_uid_2_69ed124ee7063.header_color = \"\";\nblock_td_uid_2_69ed124ee7063.ajax_pagination_infinite_stop = \"\";\nblock_td_uid_2_69ed124ee7063.max_num_pages = \"18\";\ntdBlocksArray.push(block_td_uid_2_69ed124ee7063);\n<\/script><h4 class=\"block-title\"><span>Nuestros Productos<\/span><\/h4><div class=\"td-subcat-filter\" id=\"td_pulldown_td_uid_2_69ed124ee7063\"><ul class=\"td-subcat-list\" id=\"td_pulldown_td_uid_2_69ed124ee7063_list\"><li class=\"td-subcat-item\"><a class=\"td-subcat-link\" id=\"td_uid_3_69ed124eeaa84\" data-td_filter_value=\"\" data-td_block_id=\"td_uid_2_69ed124ee7063\" href=\"#\">Todo<\/a><\/li><li class=\"td-subcat-item\"><a class=\"td-subcat-link\" id=\"td_uid_4_69ed124eeaa87\" data-td_filter_value=\"27\" data-td_block_id=\"td_uid_2_69ed124ee7063\" href=\"#\">Cortadores Hidr\u00e1ulicos<\/a><\/li><li class=\"td-subcat-item\"><a class=\"td-subcat-link\" id=\"td_uid_5_69ed124eeaa88\" data-td_filter_value=\"22\" data-td_block_id=\"td_uid_2_69ed124ee7063\" href=\"#\">Poleas para alta velocidad<\/a><\/li><li class=\"td-subcat-item\"><a class=\"td-subcat-link\" id=\"td_uid_6_69ed124eeaa89\" data-td_filter_value=\"24\" data-td_block_id=\"td_uid_2_69ed124ee7063\" href=\"#\">Enderezadores-Matadores de Tensi\u00f3n<\/a><\/li><li class=\"td-subcat-item\"><a class=\"td-subcat-link\" id=\"td_uid_7_69ed124eeaa8a\" data-td_filter_value=\"23\" data-td_block_id=\"td_uid_2_69ed124ee7063\" href=\"#\">Soluciones para embobinados<\/a><\/li><li class=\"td-subcat-item\"><a class=\"td-subcat-link\" id=\"td_uid_8_69ed124eeaa8b\" data-td_filter_value=\"25\" data-td_block_id=\"td_uid_2_69ed124ee7063\" href=\"#\">Rodillos guias<\/a><\/li><\/ul><div class=\"td-subcat-dropdown\"><div class=\"td-subcat-more\" aria-haspopup=\"true\"><span>M\u00e1s<\/span><i class=\"td-icon-read-down\"><\/i><\/div><ul class=\"td-pulldown-filter-list\"><\/ul><\/div><\/div><div id=td_uid_2_69ed124ee7063 class=\"td_block_inner td-column-3\">\n\n\t<div class=\"td-block-row\">\n\n\t<div class=\"td-block-span4\">\n\r\n        <div class=\"td_module_mx4 td_module_wrap td-animation-stack\">\r\n            <div class=\"td-module-image\">\r\n                <div class=\"td-module-thumb\"><a href=\"http:\/\/www.cemanco.com\/esp\/rodillos-enderezadores\/\" rel=\"bookmark\" title=\"Rodillos Enderezadores\"><img loading=\"lazy\" decoding=\"async\" width=\"218\" height=\"150\" class=\"entry-thumb\" src=\"http:\/\/www.cemanco.com\/esp\/wp-content\/uploads\/2019\/01\/Straightener-Rollers-BG-218x150.jpg\" alt=\"straightner straightening rollers hardened steel u-groove v-groove\" title=\"Rodillos Enderezadores\"\/><\/a><\/div>                            <\/div>\r\n\r\n            <h3 class=\"entry-title td-module-title\"><a href=\"http:\/\/www.cemanco.com\/esp\/rodillos-enderezadores\/\" rel=\"bookmark\" title=\"Rodillos Enderezadores\">Rodillos Enderezadores<\/a><\/h3>\r\n        <\/div>\r\n\r\n        \n\t<\/div> <!-- .\/td-block-span4 -->\n\n\t<div class=\"td-block-span4\">\n\r\n        <div class=\"td_module_mx4 td_module_wrap td-animation-stack\">\r\n            <div class=\"td-module-image\">\r\n                <div class=\"td-module-thumb\"><a href=\"http:\/\/www.cemanco.com\/esp\/adjustable-wire-guide-ag4-60-bd-60mm\/\" rel=\"bookmark\" title=\"Adjustable Wire Guide AG4-60-BD 60mm\"><img loading=\"lazy\" decoding=\"async\" width=\"218\" height=\"150\" class=\"entry-thumb\" src=\"http:\/\/www.cemanco.com\/esp\/wp-content\/uploads\/2019\/03\/AG4-60-BD-WEB-218x150.jpg\" alt=\"adjustable wire guide four 4 roller hardened steel\" title=\"Adjustable Wire Guide AG4-60-BD 60mm\"\/><\/a><\/div>                            <\/div>\r\n\r\n            <h3 class=\"entry-title td-module-title\"><a href=\"http:\/\/www.cemanco.com\/esp\/adjustable-wire-guide-ag4-60-bd-60mm\/\" rel=\"bookmark\" title=\"Adjustable Wire Guide AG4-60-BD 60mm\">Adjustable Wire Guide AG4-60-BD 60mm<\/a><\/h3>\r\n        <\/div>\r\n\r\n        \n\t<\/div> <!-- .\/td-block-span4 -->\n\n\t<div class=\"td-block-span4\">\n\r\n        <div class=\"td_module_mx4 td_module_wrap td-animation-stack\">\r\n            <div class=\"td-module-image\">\r\n                <div class=\"td-module-thumb\"><a href=\"http:\/\/www.cemanco.com\/esp\/replacement-rollers\/\" rel=\"bookmark\" title=\"Replacement Rollers\"><img loading=\"lazy\" decoding=\"async\" width=\"218\" height=\"150\" class=\"entry-thumb\" src=\"http:\/\/www.cemanco.com\/esp\/wp-content\/uploads\/2019\/02\/Guilde-Rollers-Web-218x150.jpg\" alt=\"replacement rollers wire guide custom coating cemanco\" title=\"Replacement Rollers\"\/><\/a><\/div>                            <\/div>\r\n\r\n            <h3 class=\"entry-title td-module-title\"><a href=\"http:\/\/www.cemanco.com\/esp\/replacement-rollers\/\" rel=\"bookmark\" title=\"Replacement Rollers\">Replacement Rollers<\/a><\/h3>\r\n        <\/div>\r\n\r\n        \n\t<\/div> <!-- .\/td-block-span4 -->\n\n\t<div class=\"td-block-span4\">\n\r\n        <div class=\"td_module_mx4 td_module_wrap td-animation-stack\">\r\n            <div class=\"td-module-image\">\r\n                <div class=\"td-module-thumb\"><a href=\"http:\/\/www.cemanco.com\/esp\/20mm-fg-20-fixed-wire-guide\/\" rel=\"bookmark\" title=\"20mm FG-20 Fixed Wire Guide\"><img loading=\"lazy\" decoding=\"async\" width=\"218\" height=\"150\" class=\"entry-thumb\" src=\"http:\/\/www.cemanco.com\/esp\/wp-content\/uploads\/2019\/02\/FG-20-Web-218x150.jpg\" alt=\"fixed wire guide 4 four roller cemanco twenty 20 20mm milimeter\" title=\"20mm FG-20 Fixed Wire Guide\"\/><\/a><\/div>                            <\/div>\r\n\r\n            <h3 class=\"entry-title td-module-title\"><a href=\"http:\/\/www.cemanco.com\/esp\/20mm-fg-20-fixed-wire-guide\/\" rel=\"bookmark\" title=\"20mm FG-20 Fixed Wire Guide\">20mm FG-20 Fixed Wire Guide<\/a><\/h3>\r\n        <\/div>\r\n\r\n        \n\t<\/div> <!-- .\/td-block-span4 -->\n\n\t<div class=\"td-block-span4\">\n\r\n        <div class=\"td_module_mx4 td_module_wrap td-animation-stack\">\r\n            <div class=\"td-module-image\">\r\n                <div class=\"td-module-thumb\"><a href=\"http:\/\/www.cemanco.com\/esp\/straightener-rollers\/\" rel=\"bookmark\" title=\"Rodillos Enderezadores\"><img loading=\"lazy\" decoding=\"async\" width=\"218\" height=\"150\" class=\"entry-thumb\" src=\"http:\/\/www.cemanco.com\/esp\/wp-content\/uploads\/2019\/01\/Straightener-Rollers-BG-218x150.jpg\" alt=\"straightner straightening rollers hardened steel u-groove v-groove\" title=\"Rodillos Enderezadores\"\/><\/a><\/div>                            <\/div>\r\n\r\n            <h3 class=\"entry-title td-module-title\"><a href=\"http:\/\/www.cemanco.com\/esp\/straightener-rollers\/\" rel=\"bookmark\" title=\"Rodillos Enderezadores\">Rodillos Enderezadores<\/a><\/h3>\r\n        <\/div>\r\n\r\n        \n\t<\/div> <!-- .\/td-block-span4 --><\/div><!--.\/row-fluid--><\/div><\/div> <!-- .\/block --><div class=\"clearfix\"><\/div><\/div><\/div><\/div>\n<p>&nbsp;<\/p>\n","protected":false},"excerpt":{"rendered":"<p>&nbsp;<\/p>\n","protected":false},"author":3,"featured_media":0,"parent":0,"menu_order":0,"comment_status":"closed","ping_status":"closed","template":"","meta":{"footnotes":""},"class_list":["post-16551","page","type-page","status-publish","hentry"],"yoast_head":"<!-- This site is optimized with the Yoast SEO plugin v15.8 - https:\/\/yoast.com\/wordpress\/plugins\/seo\/ -->\n<meta name=\"robots\" content=\"index, follow, max-snippet:-1, max-image-preview:large, max-video-preview:-1\" \/>\n<link rel=\"canonical\" href=\"http:\/\/www.cemanco.com\/esp\/contact-us\/\" \/>\n<meta property=\"og:locale\" content=\"es_ES\" \/>\n<meta property=\"og:type\" content=\"article\" \/>\n<meta property=\"og:title\" content=\"Cont\u00e1ctanos - Cemanco\" \/>\n<meta property=\"og:description\" content=\"&nbsp;\" \/>\n<meta property=\"og:url\" content=\"http:\/\/www.cemanco.com\/esp\/contact-us\/\" \/>\n<meta property=\"og:site_name\" content=\"Cemanco\" \/>\n<meta property=\"article:publisher\" content=\"https:\/\/www.facebook.com\/cemanco\" \/>\n<meta property=\"article:modified_time\" content=\"2022-04-06T22:28:08+00:00\" \/>\n<meta property=\"og:image\" content=\"http:\/\/www.cemanco.com\/esp\/wp-content\/uploads\/2019\/01\/Straightener-Rollers-BG-218x150.jpg\" \/>\n<meta name=\"twitter:card\" content=\"summary\" \/>\n<meta name=\"twitter:label1\" content=\"Tiempo de lectura\">\n\t<meta name=\"twitter:data1\" content=\"1 minuto\">\n<script type=\"application\/ld+json\" class=\"yoast-schema-graph\">{\"@context\":\"https:\/\/schema.org\",\"@graph\":[{\"@type\":\"Organization\",\"@id\":\"http:\/\/www.cemanco.com\/esp\/#organization\",\"name\":\"Cemanco LLC\",\"url\":\"http:\/\/www.cemanco.com\/esp\/\",\"sameAs\":[\"https:\/\/www.facebook.com\/cemanco\",\"https:\/\/www.linkedin.com\/company\/cemanco-lc\",\"https:\/\/www.youtube.com\/channel\/UC8_2WyTJoIl0K9Aw7YqdDqw?view_as=subscriber\"],\"logo\":{\"@type\":\"ImageObject\",\"@id\":\"http:\/\/www.cemanco.com\/esp\/#logo\",\"inLanguage\":\"es\",\"url\":\"http:\/\/www.cemanco.com\/esp\/wp-content\/uploads\/2020\/09\/Cemanco-FINAL-01-scaled.jpg\",\"width\":2560,\"height\":580,\"caption\":\"Cemanco LLC\"},\"image\":{\"@id\":\"http:\/\/www.cemanco.com\/esp\/#logo\"}},{\"@type\":\"WebSite\",\"@id\":\"http:\/\/www.cemanco.com\/esp\/#website\",\"url\":\"http:\/\/www.cemanco.com\/esp\/\",\"name\":\"Cemanco\",\"description\":\"Wire, Cable, Automotive &amp; Medical Supplier\",\"publisher\":{\"@id\":\"http:\/\/www.cemanco.com\/esp\/#organization\"},\"potentialAction\":[{\"@type\":\"SearchAction\",\"target\":\"http:\/\/www.cemanco.com\/esp\/?s={search_term_string}\",\"query-input\":\"required name=search_term_string\"}],\"inLanguage\":\"es\"},{\"@type\":\"WebPage\",\"@id\":\"http:\/\/www.cemanco.com\/esp\/contact-us\/#webpage\",\"url\":\"http:\/\/www.cemanco.com\/esp\/contact-us\/\",\"name\":\"Cont\\u00e1ctanos - Cemanco\",\"isPartOf\":{\"@id\":\"http:\/\/www.cemanco.com\/esp\/#website\"},\"datePublished\":\"2015-11-24T17:17:43+00:00\",\"dateModified\":\"2022-04-06T22:28:08+00:00\",\"breadcrumb\":{\"@id\":\"http:\/\/www.cemanco.com\/esp\/contact-us\/#breadcrumb\"},\"inLanguage\":\"es\",\"potentialAction\":[{\"@type\":\"ReadAction\",\"target\":[\"http:\/\/www.cemanco.com\/esp\/contact-us\/\"]}]},{\"@type\":\"BreadcrumbList\",\"@id\":\"http:\/\/www.cemanco.com\/esp\/contact-us\/#breadcrumb\",\"itemListElement\":[{\"@type\":\"ListItem\",\"position\":1,\"item\":{\"@type\":\"WebPage\",\"@id\":\"http:\/\/www.cemanco.com\/esp\/\",\"url\":\"http:\/\/www.cemanco.com\/esp\/\",\"name\":\"Home\"}},{\"@type\":\"ListItem\",\"position\":2,\"item\":{\"@type\":\"WebPage\",\"@id\":\"http:\/\/www.cemanco.com\/esp\/contact-us\/\",\"url\":\"http:\/\/www.cemanco.com\/esp\/contact-us\/\",\"name\":\"Cont\\u00e1ctanos\"}}]}]}<\/script>\n<!-- \/ Yoast SEO plugin. -->","_links":{"self":[{"href":"http:\/\/www.cemanco.com\/esp\/wp-json\/wp\/v2\/pages\/16551","targetHints":{"allow":["GET"]}}],"collection":[{"href":"http:\/\/www.cemanco.com\/esp\/wp-json\/wp\/v2\/pages"}],"about":[{"href":"http:\/\/www.cemanco.com\/esp\/wp-json\/wp\/v2\/types\/page"}],"author":[{"embeddable":true,"href":"http:\/\/www.cemanco.com\/esp\/wp-json\/wp\/v2\/users\/3"}],"replies":[{"embeddable":true,"href":"http:\/\/www.cemanco.com\/esp\/wp-json\/wp\/v2\/comments?post=16551"}],"version-history":[{"count":35,"href":"http:\/\/www.cemanco.com\/esp\/wp-json\/wp\/v2\/pages\/16551\/revisions"}],"predecessor-version":[{"id":19286,"href":"http:\/\/www.cemanco.com\/esp\/wp-json\/wp\/v2\/pages\/16551\/revisions\/19286"}],"wp:attachment":[{"href":"http:\/\/www.cemanco.com\/esp\/wp-json\/wp\/v2\/media?parent=16551"}],"curies":[{"name":"wp","href":"https:\/\/api.w.org\/{rel}","templated":true}]}}